15
14bb
Convert -3a2b (base 16) to base 14.
-55d9
-56a (base 12) to base 5
-11202
What is 10010221 (base 3) in base 12?
13b1
-1000011001 (base 2) to base 13
-324
Convert -39907 (base 10) to base 8.
-115743
Convert -56a9 (base 11) to base 12.
-4410
Convert -4012 (base 7) to base 14.
-709
Convert -12130 (base 4) to base 2.
-110011100
Convert 380 (base 12) to base 6.
2240
What is 431 (base 14) in base 4?
30323
Convert 30123 (base 4) to base 7.
2214
484 (base 10) to base 4
13210
295 (base 10) to base 3
101221
Convert 368 (base 10) to base 14.
1c4
11711 (base 9) to base 8
17273
Convert c2 (base 13) to base 2.
10011110
-1011111011 (base 2) to base 8
-1373
97c (base 13) to base 3
2020011
What is 321 (base 6) in base 14?
89
-1a81 (base 14) to base 8
-11321
Convert 54 (base 15) to base 8.
117
Convert -11110010100 (base 2) to base 16.
-794
What is 208 (base 10) in base 15?
dd
Convert 354 (base 10) to base 4.
11202
Convert 2100000 (base 4) to base 5.
243331
655 (base 10) to base 14
34b
What is 515 (base 11) in base 14?
325
What is -2522 (base 6) in base 7?
-1553
-8d2 (base 14) to base 15
-7bc
Convert -12a2 (base 11) to base 14.
-885
Convert 69a0 (base 13) to base 15.
45dd
21212 (base 5) to base 12
9b4
What is -1961 (base 10) in base 9?
-2618
Convert 2d2 (base 15) to base 4.
22013
What is 2220 (base 6) in base 3?
201010
Convert -141 (base 8) to base 7.
-166
-257 (base 9) to base 16
-d6
What is -31321 (base 4) in base 9?
-1187
Convert -1634 (base 7) to base 12.
-472
What is -6a1 (base 14) in base 5?
-20232
1098 (base 10) to base 5
13343
What is 64ba (base 12) in base 8?
25516
What is 8144 (base 9) in base 6?
43321
What is 35062 (base 9) in base 11?
16629
-725 (base 16) to base 7
-5222
-1110111110 (base 2) to base 11
-7a1
What is 16c1 (base 13) in base 4?
310220
What is 29140 (base 10) in base 4?
13013110
-20102221 (base 3) to base 12
-2874
-127 (base 9) to base 7
-211
Convert -554 (base 14) to base 3.
-1110001
-9749 (base 10) to base 12
-5785
Convert -56749 (base 11) to base 5.
-10111331
-31106 (base 9) to base 6
-234523
Convert -5296 (base 12) to base 4.
-2031102
Convert 7882 (base 11) to base 13.
4951
31c (base 16) to base 14
40c
-10010111111 (base 2) to base 7
-3354
What is d1 (base 14) in base 8?
267
What is 10111001 (base 2) in base 12?
135
What is -1a4 (base 15) in base 6?
-1431
324 (base 6) to base 10
124
Convert -174a (base 12) to base 13.
-136c
Convert 2bc8 (base 16) to base 14.
4128
61c7 (base 13) to base 15
400e
Convert -2552 (base 12) to base 7.
-15233
Convert -10000000000101 (base 2) to base 7.
-32620
What is -4056 (base 7) in base 4?
-112011
What is 12102 (base 4) in base 13?
24c
What is -3110 (base 5) in base 16?
-195
196 (base 13) to base 3
101211
-143 (base 7) to base 5
-310
What is 16a4 (base 15) in base 13?
22b4
Convert 24342 (base 7) to base 6.
45223
What is -101001011111 (base 2) in base 10?
-2655
Convert -1662 (base 9) to base 6.
-5515
-762 (base 15) to base 12
-b6b
Convert db41 (base 14) to base 6.
451221
What is 10011100001111 (base 2) in base 9?
14640
Convert -42ab (base 13) to base 7.
-36006
Convert -3c78 (base 15) to base 13.
-5b73
-313e (base 16) to base 8
-30476
10 (base 3) to base 10
3
34 (base 7) to base 10
25
Convert 1324 (base 7) to base 16.
1fc
549 (base 12) to base 9
1053
What is 5581 (base 9) in base 7?
15010
What is -3310 (base 4) in base 5?
-1434
What is -7152 (base 9) in base 5?
-131411
354 (base 9) to base 14
16c
What is 3786b (base 12) in base 7?
433142
Convert 1001112 (base 3) to base 9.
1045
12011 (base 3) to base 16
8b
3214 (base 6) to base 5
10410
Convert -1010110000 (base 2) to base 5.
-10223
What is 13215 (base 6) in base 10?
2027
Convert 40d (base 16) to base 15.
492
-1351 (base 6) to base 9
-434
What is 42440 (base 5) in base 2?
101100110110
2795 (base 10) to base 11
2111
44a9 (base 15) to base 14
543d
Convert 5312 (base 11) to base 3.
100122102
What is 22022210 (base 3) in base 12?
3619
-53413 (base 6) to base 13
-3411
What is 717 (base 9) in base 8?
1107
Convert -100330 (base 5) to base 6.
-22515
What is 2a9 (base 16) in base 9?
836
-657 (base 9) to base 2
-1000011010
Convert 10243 (base 7) to base 3.
10110201
-2201 (base 13) to base 5
-122413
5758 (base 14) to base 16
3b42
What is -2300102 (base 4) in base 2?
-10110000010010
246 (base 15) to base 14
28c
Convert 10029 (base 11) to base 6.
151532
Convert -565 (base 15) to base 11.
-a0a
-24b (base 12) to base 3
-110212
What is -4e1 (base 15) in base 7?
-3145
-4023 (base 7) to base 9
-1813
What is -14b4 (base 14) in base 3?
-12001112
What is -10003020 (base 5) in base 10?
-78510
What is 42542 (base 6) in base 16?
16be
-2a0 (base 12) to base 3
-120010
-8505 (base 9) to base 13
-2ac2
What is 12011 (base 4) in base 8?
605
What is -143120 (base 5) in base 16?
-1793
Convert -1bf9 (base 16) to base 13.
-334b
5a7 (base 14) to base 11
935
What is 120102112 (base 3) in base 8?
25756
What is 1d4 (base 14) in base 8?
576
Convert 11051 (base 10) to base 9.
16138
What is 23b5 (base 15) in base 5?
220340
1066 (base 12) to base 5
24211
-152335 (base 6) to base 3
-202022212
Convert 12000 (base 3) to base 7.
252
2691 (base 15) to base 12
4924
Convert 1c4 (base 15) to base 7.
1123
Convert -20636 (base 9) to base 5.
-414031
152034 (base 7) to base 13
10590
-165 (base 9) to base 16
-8c
304320 (base 5) to base 12
5920
Convert 100230 (base 4) to base 16.
42c
What is -4ee (base 15) in base 5?
-13444
What is -23230 (base 4) in base 13?
-457
-223246 (base 7) to base 4
-21222121
What is 77d9 (base 14) in base 11?
14673
What is -12101 (base 5) in base 2?
-1110000101
What is 40032 (base 5) in base 6?
15353
Convert -ecab (base 15) to base 7.
-266045
2011401 (base 5) to base 3
1122000221
What is 121232 (base 4) in base 5?
23041
1041 (base 8) to base 5
4140
-1b4a2 (base 12) to base 16
-9dfa
Convert 10322 (base 6) to base 8.
2612
-4224 (base 5) to base 14
-2c4
10001210122 (base 3) to base 14
17dd8
Convert -497 (base 10) to base 8.
-761
What is -154 (base 9) in base 8?
-202
What is 2105 (base 6) in base 8?
731
What is 1101101001 (base 2) in base 8?
1551
-1121 (base 11) to base 5
-21400
201 (base 15) to base 3
121201
-21523 (base 6) to base 15
-d53
What is 12100 (base 4) in base 5?
3100
7524 (base 9) to base 16
159a
What is -10322 (base 6) in base 3?
-1221112
What is -12001111 (base 4) in base 8?
-60125
What is -2190 (base 13) in base 5?
-122210
Convert -312 (base 9) to base 11.
-211
Convert -10101010000 (base 2) to base 15.
-60a
10001111010111011 (base 2) to base 13
27545
Convert -3dc (base 16) to base 10.
-988
-6a31 (base 16) to base 11
-19474
What is 126 (base 11) in base 15?
9e
-111011111 (base 2) to base 6
-2115
Convert 289 (base 12) to base 7.
1101
Convert 110010001011 (base 2) to base 14.
1255
-13660 (base 8) to base 7
-23452
Convert -c14 (base 13) to base 5.
-31140
What is 1276 (base 14) in base 15?
e60
-676 (base 8) to base 7
-1205
Convert -3b8 (base 12) to base 16.
-23c
What is 1649a (base 11) in base 12?
11530
What is 1cb3 (base 14) in base 10?
5253
Convert -111011110 (base 2) to base 11.
-3a5
What is 406a (base 12) in base 5?
210434
Convert -2258 (base 11) to base 16.
-b97
Convert -1072 (base 9) to base 11.
-662
What is 2d2 (base 14) in base 10?
576
Convert 230402 (base 7) to base 5.
2303030
Convert 78e3 (base 15) to base 10.
25638
352a (base 14) to base 16
2422
6dc0 (base 15) to base 2
101101100111011
What is -184 (base 15) in base 6?
-1341
26 (base 12) to base 4
132
What is -47756 (base 10) in base 12?
-23778
Convert 337 (base 8) to base 5.
1343
What is 166 (base 16) in base 8?
546
What is 111111010101 (base 2) in base 16?
fd5
Convert 296 (base 10) to base 6.
1212
402b (base 14) to base 12
645b
Convert -45222 (base 7) to base 4.
-2302221
Convert 7818 (base 10) to base 2.
1111010001010
511 (base 10) to base 9
627
What is a37 (base 14) in base 9?
2672
What is -11322 (base 4) in base 9?
-460
Convert -44ba (base 14) to base 9.
-17318
Convert 120121 (base 4) to base 14.
7d7
Convert 253312 (base 6) to base 13.
a4b7
What is -2300 (base 6) in base 4?
-20130
What is 76aa (base 12) in base 4?
3030202
4b94 (base 14) to base 10
13262
What is -81536 (base 9) in base 7?
-312300
Convert 51b5 (base 15) to base 4.
10031312
Convert 563 (base 8) to base 13.
227
-925 (base 11) to base 10
-1116